What is the highest common divisor of 4599 and 12224799?
657
What is the highest common divisor of 1183787150 and 3446?
3446
What is the greatest common divisor of 1167284 and 14820?
76
What is the greatest common divisor of 79218 and 3167253?
1467
Calculate the greatest common divisor of 11895 and 171925.
65
Calculate the greatest common factor of 22753332 and 5292.
756
What is the greatest common divisor of 9252199 and 2057?
187
Calculate the greatest common factor of 23673327 and 906.
453
What is the highest common factor of 10367256 and 13149?
1461
What is the greatest common divisor of 2294019960 and 30?
30
What is the greatest common divisor of 106799 and 994840?
1463
Calculate the greatest common divisor of 2056 and 446585816.
2056
What is the greatest common factor of 312356 and 242451?
341
Calculate the highest common divisor of 5801967 and 657.
657
What is the highest common factor of 212100 and 45360?
420
What is the greatest common divisor of 9947 and 108837?
29
What is the highest common factor of 152494728 and 48?
24
What is the greatest common divisor of 11072 and 11307626?
346
Calculate the greatest common factor of 1144 and 180003252.
572
Calculate the highest common factor of 54260988 and 3426.
3426
Calculate the greatest common divisor of 625588 and 3422.
58
What is the greatest common factor of 355393247 and 55?
11
Calculate the greatest common factor of 4233816 and 1752.
24
What is the greatest common divisor of 21 and 7306712?
7
Calculate the highest common divisor of 816 and 33307352.
136
What is the highest common divisor of 444627 and 12573?
1143
What is the greatest common factor of 116809144 and 21594?
7198
What is the highest common divisor of 452 and 80732?
4
Calculate the highest common factor of 264 and 60275622.
66
Calculate the greatest common divisor of 274194880 and 16.
16
Calculate the highest common factor of 1749831164 and 172.
172
Calculate the greatest common factor of 16905862 and 4.
2
Calculate the greatest common divisor of 7553 and 1333395.
581
What is the greatest common divisor of 3339 and 389060280?
3339
Calculate the greatest common divisor of 644600786 and 6161.
6161
What is the greatest common factor of 420430 and 180?
10
What is the greatest common factor of 11977 and 140476?
203
What is the greatest common divisor of 154300 and 3403858?
3086
What is the highest common divisor of 101896 and 33276?
188
What is the greatest common divisor of 2215620 and 7680?
60
Calculate the highest common divisor of 4402844 and 3358.
46
Calculate the greatest common divisor of 1414532 and 2.
2
What is the highest common divisor of 402 and 15731466?
402
What is the greatest common divisor of 328460 and 8195?
55
What is the highest common divisor of 3301968 and 84?
12
What is the greatest common factor of 77292 and 11053782?
342
Calculate the highest common factor of 972 and 551698020.
108
Calculate the highest common divisor of 5244 and 23838948.
276
What is the highest common divisor of 225 and 15670925?
25
Calculate the highest common factor of 6401 and 1071816.
37
Calculate the highest common divisor of 193500 and 205454.
86
What is the greatest common divisor of 245791 and 1820?
91
What is the highest common divisor of 56 and 31289230?
14
What is the highest common factor of 16704 and 11750336?
1856
What is the greatest common factor of 7926 and 13122?
6
Calculate the greatest common factor of 2321571 and 1764.
147
Calculate the highest common divisor of 31679852 and 77316.
1516
Calculate the greatest common divisor of 262 and 471338.
262
What is the greatest common divisor of 363714225 and 84?
21
Calculate the highest common factor of 12396343 and 762.
127
Calculate the greatest common factor of 40 and 20294308.
4
What is the greatest common divisor of 6211 and 153?
1
Calculate the greatest common divisor of 353536 and 10400.
32
Calculate the highest common factor of 105217 and 7210.
7
What is the highest common divisor of 4696037 and 1621?
1621
Calculate the highest common divisor of 50240 and 79727740.
3140
What is the highest common divisor of 3843325 and 125?
25
Calculate the highest common factor of 29688 and 22752.
24
Calculate the highest common divisor of 564993220 and 11.
11
Calculate the highest common divisor of 315237 and 3263.
13
Calculate the greatest common factor of 97188 and 7892.
4
What is the highest common factor of 288 and 7886528?
32
What is the highest common divisor of 7320 and 42679992?
1464
Calculate the highest common divisor of 65128 and 738505.
1163
Calculate the highest common factor of 83 and 349447181.
83
Calculate the highest common factor of 1627336 and 600.
8
Calculate the greatest common factor of 60375 and 771213.
69
What is the highest common factor of 43511 and 75517?
13
What is the greatest common factor of 43 and 41306488?
43
What is the greatest common divisor of 204911 and 86359?
511
Calculate the highest common divisor of 165004 and 973756.
2324
What is the highest common factor of 158235 and 577500?
1155
Calculate the highest common divisor of 47845 and 9100.
35
Calculate the highest common factor of 22 and 637208198.
22
What is the highest common divisor of 3072 and 1777668?
12
Calculate the highest common divisor of 35040 and 26094945.
1095
What is the greatest common factor of 25585 and 7404299?
5117
Calculate the greatest common factor of 55 and 14598655.
5
What is the greatest common factor of 186944 and 596896?
736
Calculate the greatest common divisor of 708035 and 594955.
1285
What is the greatest common divisor of 2904 and 671352?
264
What is the greatest common factor of 18044032 and 14848?
3712
What is the greatest common factor of 715762 and 2672?
334
Calculate the highest common factor of 15158801 and 7.
7
What is the highest common divisor of 110565 and 73885?
35
What is the greatest common factor of 3421767 and 228?
57
What is the highest common divisor of 490 and 31289195?
245
What is the highest common factor of 89511 and 78?
3
What is the greatest common divisor of 45980 and 375100?
2420
Calculate the highest common factor of 21096525 and 325.
25
What is the greatest common divisor of 1068 and 33884436?
1068
Calculate the highest common factor of 12677145 and 195.
195
What is the highest common divisor of 414 and 3304899?
9
What is the greatest common divisor of 3307759 and 7661?
163
Calculate the greatest common factor of 323460 and 1002.
6
What is the greatest common divisor of 208978 and 1080408?
826
Calculate the greatest common divisor of 5318120 and 376.
8
What is the greatest common divisor of 2936871 and 5453?
287
What is the greatest common divisor of 928 and 662115008?
928
Calculate the greatest common divisor of 30 and 300533190.
30
Calculate the greatest common factor of 1720 and 2846385.
215
What is the greatest common divisor of 232960 and 193466?
182
What is the highest common factor of 2663782 and 66?
22
What is the highest common factor of 1761 and 2997?
3
What is the highest common factor of 848 and 15445552?
16
What is the highest common factor of 43 and 61188613?
43
Calculate the highest common factor of 36021485 and 2555.
365
Calculate the highest common divisor of 3 and 177186.
3
Calculate the highest common factor of 717862 and 18.
2
What is the highest common factor of 363480 and 392340?
780
What is the greatest common divisor of 26 and 1233021257?
13
Calculate the greatest common factor of 72 and 11460552.
24
Calculate the greatest common divisor of 70818 and 3787806.
1914
Calculate the greatest common factor of 4097145 and 90.
15
Calculate the greatest common divisor of 912 and 11018676.
12
What is the greatest common divisor of 1871869808 and 688?
688
Calculate the greatest common factor of 9095 and 3583651.
17
What is the greatest common divisor of 42 and 53695306?
14
Calculate the highest common factor of 54 and 6733251738.
54
Calculate the greatest common factor of 1486918 and 2006.
118
What is the highest common divisor of 9216 and 600624?
144
Calculate the greatest common divisor of 435 and 106412223.
87
Calculate the greatest common factor of 62 and 364845851.
31
What is the highest common factor of 634415 and 6200?
155
Calculate the highest common factor of 999 and 16634682.
333
Calculate the greatest comm